is j(-1)?
125
Let y(t) = -6*t + 1. Let h = 101 + -129. Let z(x) = 43*x - 9. Let w(u) = h*y(u) - 4*z(u). Calculate w(7).
-20
Let x(v) = 2*v**2 + 14*v - 22. Let g(z) = -7*z**2 - 57*z + 100. Let r(q) = 2*g(q) + 9*x(q). Determine r(-3).
2
Let z(j) = -j - 6. Let c be 1 + 1 - -1 - (-138)/46. Let u be c/(-4 + 15/6). Determine z(u).
-2
Let b(x) be the third derivative of x**4/24 - x**3 + x**2. Suppose 11*u + 3*v = 12*u - 8, -4*u + 18 = -5*v. Suppose -u*i = -187 + 197. Determine b(i).
-11
Let x(q) be the third derivative of 100*q**2 - 1/10*q**5 + 0*q + 1/120*q**6 + 1/12*q**4 + 1 + 1/6*q**3. Give x(6).
13
Let p(x) = -2*x**2 - x + 2. Suppose -4*q - 173 + 135 = 2*h, 0 = 3*q + 21. Determine p(h).
-43
Let r = 16415 + -16413. Suppose 0 = -a - 3*f + 14, -f = 4*a - 6*a. Let k(s) = -6*s**3 + 155 - s - 156 - a*s**r + 3*s. Calculate k(1).
-7
Let j(t) = -t**3 + 10*t**2 - 16*t - 9. Let x be j(5). Suppose -3*w - 24 + x = 0. Let h(m) = 3*m - 16. Determine h(w).
-4
Let l(o) = -5247 - 4*o - 5287 + 10525. Let a be 2 + (0 - 0) - 10. Determine l(a).
23
Let q(r) = r**3 - 11*r**2 - r + 10. Let s(k) = k**3 - 36*k**2 - 29*k - 49. Let y be s(37). Let p = -236 + y. Determine q(p).
-1
Let i(c) = 52*c - 322*c**3 - 33*c**2 + 4*c**2 + 157*c**3 + 166*c**3 + 47. Let w be i(27). Let d(f) = -2*f - 13. What is d(w)?
1
Suppose 35*c = 162 - 2192. Let p be (3 - c/(-8)) + 140/112. Let q(w) = -2*w**3 - 4*w**2 - 3*w - 1. Give q(p).
26
Let f(g) be the first derivative of g**3/3 + 25*g**2/2 + 7*g - 6. Let q be f(-7). Let d = -126 - q. Let r(c) = c. Determine r(d).
-7
Let y(t) = t**2 + t - 122. Let v be y(-12). Let m be (v/6)/(55/198). Let b(o) = o**3 - 5*o**2 - 3*o + 1. Calculate b(m).
19
Let j(t) = -196*t + 62. Let h(q) = -73*q + 21. Let s(u) = 8*h(u) - 3*j(u). What is s(14)?
38
Let o(c) = 13*c - 7. Let f be ((4147/52)/29)/((-2)/(-8)). What is o(f)?
136
Let v(q) = -94*q - 179. Let y be v(-2). Let p = 4 + -8. Let h(l) = 6*l**2 - 8*l - 7. Let g(m) = -5*m**2 + 8*m + 8. Let i(z) = p*h(z) - 5*g(z). Calculate i(y).
-3
Let s be (-3)/(-6) + 85/34. Let j(q) = -16*q + 2 - 12*q + 26*q - s + 2. Determine j(6).
-11
Let h(j) = -2*j - 22. Let u be h(-11). Suppose 2*x - 4 = -u. Let c(i) = -x - 4*i - 6 - 19*i**3 + 18*i**3 - 6*i**2. Give c(-6).
16
Let b = -743 - -1915. Let r(w) = 582*w + 3 - b*w + 581*w. What is r(-3)?
30
Let p(z) be the third derivative of 0 - 1/24*z**4 - 34*z**2 + 1/120*z**6 + 0*z + 1/3*z**3 - 1/20*z**5. Suppose 0 = 5*t + 10, 12 = 2*n - 3*t. What is p(n)?
-1
Let y(a) = 3*a - 3*a - 10880 + 9*a + 10885. Give y(8).
77
Let j = -11 - -6. Let f(a) = 3*a**2 + 2*a + 26. Let i(y) be the first derivative of y**3/3 + y**2/2 + 13*y + 17. Let z(w) = j*i(w) + 2*f(w). Determine z(0).
-13
Let x(v) = 2*v**2 - v - 2. Let d(l) = 56*l - 2640. Let u be d(47). Calculate x(u).
134
Let n be ((-492)/(-36) - 4/(-3)) + 0/(-13). Let x(z) = z**3 - 15*z**2 + 4*z - 78. Determine x(n).
-18
Let t(s) be the first derivative of -17*s**2/2 - 135*s + 171. What is t(-7)?
-16
Let j(h) = -h**3 + h - 2016*h**2 + 2020*h**2 - 16 + 2*h. Calculate j(3).
2
Let c(l) = -6*l**2 - 2*l - 1. Let a be c(-1). Let x be (-238)/26 - -9 - (-524)/26. Let d(r) = 68*r**2 - 4 + 6*r - 26*r**2 - x*r**2 - 20*r**2. Calculate d(a).
16
Suppose 20*o - 27 - 93 = 0. Let w(g) = 2*g - g**3 - o*g**2 + g + 2*g - 3 + 2*g**2. What is w(-5)?
-3
Let z(s) = 28*s + 58. Let m(f) = -4*f - 1. Let x(y) = 6*m(y) + z(y). Give x(-12).
4
Let m be (-14)/6 + 2/6. Let k(t) be the second derivative of -t**4/6 + t**3/3 + t**2 + 1052*t + 37. What is k(m)?
-10
Let y(n) be the first derivative of n**2/2 - 11*n + 4531. Suppose -31 = -4*u + 1. Calculate y(u).
-3
Suppose 140*d = -131*d + 254*d - 17. Let n(p) = -68*p**3 - p. What is n(d)?
69
Let k = -627389 - -627387. Let q(v) = -1 + 3 - 5*v + v. Determine q(k).
10
Let p(q) be the third derivative of -5*q**4/8 + 130*q**3/3 - 11*q**2 + q - 81. Calculate p(17).
5
Suppose 2*u = -3*f - 3 + 1, 2*u + f + 2 = 0. Let x be (u + 4 + -1)/((-2)/10). Let d(l) = l**2 + 10*l + 6. Give d(x).
6
Let g(z) be the second derivative of -z**4/12 - 47*z**3/6 - 177*z**2/2 - 20*z - 24. Give g(-4).
-5
Suppose 4 = q - 2. Suppose 3*f - 20 = -4*b, 0 = f - 2*f - b + 7. Let i(r) = -r**3 - 325*r + f + 7*r**2 + 320*r - 3. Give i(q).
11
Suppose -4*x = -3*x - 5*q - 14, -q = -2*x + 10. Suppose 0 = -471*n + 467*n + 20. Let v be (x/n)/((-18)/45). Let o(s) = -4*s - 3. What is o(v)?
5
Let u(h) = h**2 - 12*h + 48. Let b = 24802 - 24795. Determine u(b).
13
Let a(z) = z**3 + 10*z**2 + 14*z + 7. Suppose 34*k + 22 = -38 - 212. What is a(k)?
23
Let l(v) be the second derivative of v**4/4 - v**3/2 + 3*v**2/2 - 150*v. Let u be (-8)/3*15/(-10). Suppose -5*r + 12 = -3*f, 0 = u*r - 2*f - 2*f - 8. Give l(r).
21
Let c(p) = p**2 - 3*p. Let q = 103 + -101. Suppose -f + 28 - 13 = q*a, -5*a - 4*f + 39 = 0. Give c(a).
28
Suppose 4*l + 3*u - 26 - 41 = 0, 2*l - 28 = 4*u. Let g be (2/3)/(l/24). Let x(a) = -1 + 8518*a - 8538*a + 1. Determine x(g).
-20
Let g(s) be the first derivative of -9/2*s**2 - 2 + s. Let o(h) = h**3 + 8*h**2 - 6*h + 28. Let p be o(-9). Determine g(p).
-8
Let y(q) = 16439*q**2 - 16437*q**2 + 396 - 386 + q. Determine y(-3).
25
Let j(y) = y + 1. Suppose 792*m = 834*m - 924. Let q(p) be the second derivative of 2*p**3 + 4*p**2 + p. Let w(z) = m*j(z) - 2*q(z). Calculate w(7).
-8
Suppose b + 23 = 2*w, -116*w - 2*b + 10 = -113*w. Let h(m) = -m**3 + 6*m**2 + 18*m - 7. Calculate h(w).
9
Suppose 5*l - 2 = v, -2*v + 11 = -2*l - 1. Let h(r) be the first derivative of -r**l + r + 0*r**3 + 1/4*r**4 + 30. Give h(2).
5
Let m(s) = -s**3 + 4*s**2 + s - 3. Let k be 4/6*15/10. Suppose -g - k = -0, -5*o + g - 29 = 0. Let c be 22/5 + o/15. What is m(c)?
1
Let d(w) = -w**3 - 2*w**2 + w - 7. Let u be d(-3). Let t(v) be the third derivative of v**4/6 - v**3/6 - 1791*v**2. Calculate t(u).
-5
Suppose -57 = c + 4*u, 62 = -3*c + 2*u - 109. Let r = c + 69. Let g(d) = r - 2*d + 12*d**2 - 2*d - 8*d - d**3. What is g(11)?
1
Let k(l) = -4*l - 4*l**2 + 3*l**3 - 2*l**3 - 1 - 5. Let b(i) = i**2 - 22*i - 99. Let c be b(26). Calculate k(c).
-1
Let t(c) be the second derivative of -c**6/360 - c**5/60 + 5*c**4/24 + c**3/6 + 14*c**2 - c - 21. Let y(d) be the second derivative of t(d). Determine y(-6).
-19
Suppose 2*m + 156 = -2*t, 3*m - 5*m = -t + 171. Let a = -89 - m. Let n(x) = -2*x - 9. Determine n(a).
3
Let q(y) = 4*y**2 - 5*y + 3. Let j(f) be the third derivative of -f**5/60 - f**4/24 + f**3/6 - 117*f**2. Let d(p) = 4*j(p) - q(p). What is d(2)?
-29
Let j(r) = -r**3 - 2*r**2 + 5*r - 6. Let g be j(3). Let s = 27 + g. Let q(z) = -z - 3. What is q(s)?
6
Suppose 0 = -46*p + 15*p + 11315. Let w = 361 - p. Let s(r) = r**3 + 5*r**2 + 2. Calculate s(w).
18
Suppose 0 = 81*p + 25*p + 106. Let n(i) = 28*i**3 + i**2 + 5*i + 3. Determine n(p).
-29
Let k(i) be the first derivative of -i**4/4 - 4*i**3/3 - 2*i + 9874. Suppose -3*f + 3 = -4*f. What is k(f)?
-11
Let s(v) = 259*v**2 - 50*v + 80. Let g(y) = -47*y**2 + 10*y - 16. Let j(w) = -11*g(w) - 2*s(w). Calculate j(-9).
25
Let b(h) be the second derivative of h**5/20 - 3*h**4/4 + 19*h**3/6 - 3*h**2/2 - 3820*h. Calculate b(5).
-8
Let r be (24/(-30) - 0)*(-10)/(-4). Let n(l) = l**2 + 10*l + 11. Determine n(r).
-5
Let j be -18 - 14 - -21 - -2. Let i(n) = -n**3 - 7*n**2 + 13*n - 28. What is i(j)?
17
Let w(h) be the first derivative of -13/2*h**2 - 10*h + 1/6*h**3 + 3. Let g(m) be the first derivative of w(m). Give g(9).
-4
Let n(o) be the second derivative of o**4/2 - 14*o**3/3 - 10*o**2 + 501*o + 8. Determine n(6).
28
Let g(z) be the second derivative of 1/2*z**4 - 3*z**2 + 1/3*z**3 + z - 55 + 1/20*z**5. Suppose 10 = r - 4*t, r - 5*t + 0 = 14. Give g(r).
-18
Let s(r) = -r**3 - 3*r**2 + 22*r + 17. Let m be s(-6). Let h(l) = -7*l - 31. What is h(m)?
18
Let u(d) = -3*d**2 + 69*d + 67. Let s be u(24). Let r(k) = -6*k - 4. Calculate r(s).
26
Let o(p) = -49 + 238625*p**3 + 17*p**2 + 56 - 238628*p**3 - p. Give o(6).
-35
Let f(w) = -20899*w**3 - 10*w**2 + 10446*w**3 - 9*w + 10452*w**3. Let d be 4/10 + 66/10. Suppose d = 2*q + 25. Calculate f(q).
0
Let v be (-200)/30 + 2/3. Suppose 4*q - x - 15 = 2*x, -2*x - 10 = q. Let c(y) = -2*y + 2 + q + 3*y. Give c(v).
-4
Let b(n) = -n**2 + 30*n + 2. Let f be b(30). Let p be 9/6 - 6/(-4). Let w(c) = -c**p + 6 - 5 + 3 - c**f. Determine w(0).
4
Let n(w) 